{"id":1373,"date":"2018-09-03T19:01:45","date_gmt":"2018-09-03T19:01:45","guid":{"rendered":"http:\/\/ichhabeinhausamsee.de\/?page_id=1373"},"modified":"2025-12-08T09:05:09","modified_gmt":"2025-12-08T09:05:09","slug":"mesmerize","status":"publish","type":"page","link":"https:\/\/ichhabeinhausamsee.de\/","title":{"rendered":"Willkommen am See"},"content":{"rendered":"<div class=\"wp-block-columns has-medium-font-size is-layout-flex wp-container-2\">\n<div class=\"wp-block-column is-layout-flow\" style=\"flex-basis: 85%;\">\n<div id=\"features-1\" class=\"features-16 content-section content-section-spacing\" style=\"background-color: #ffffff;\" data-label=\"Features\" data-id=\"features--1\" data-export-id=\"features-16\" data-category=\"features\">\n<div class=\"\">\n<div class=\"row text-center\">\n<div class=\"section-title-col\" data-type=\"column\">\n<h1 class=\"\" style=\"text-align: center;\">Direkt am See\n\u2013 nicht irgendwo<\/h1>\n<p class=\"lead\" style=\"text-align: left;\">In der herrlichen Schweriner Seen-Landschaft, nicht weit von der Ostseek\u00fcste entfernt \u2013 in <strong>Hohen Viecheln<\/strong> am Schweriner See zwischen Schwerin und Wismar \u2013 finden Sie in unserem Familienhaus Ruhe und Entspannung. Mit viel Liebe zum Detail, zeitgem\u00e4\u00df und anspruchsvoll gestaltet, strahlen die drei Ferienwohnungen, wie \u00fcberhaupt das ganze Haus, W\u00e4rme und Geborgenheit aus, und zeigen dabei moderne, aber auch verspielte Stilelemente.<\/p>\n\n<\/div>\n<\/div>\n<div class=\"row spaced-cols\" data-type=\"row\">\n<div class=\"col-xs-12 col-sm-6 space-bottom col-md-6 \">\n<div class=\"col-padding-small col-padding-small-xs description-container\" data-type=\"column\">\n<h1 class=\"\"><a href=\"https:\/\/ichhabeinhausamsee.de\/wp-content\/uploads\/2025\/12\/Preise-2026.pdf\">PREISE 2026<\/a><\/h1>\n<\/div>\n<div class=\"col-padding-small col-padding-small-xs description-container\" data-type=\"column\">\n<h4 class=\"\">Alle Preise inclusive Strom, Heizung, Abfallentsorgung. WLan-Glasfaser in jeder Wohnung; jeweils 1 Parkplatz pro Wohnung, Kinderstuhl in Wohnung 1 und 2, Drei\u00a0 Einer-Kanus; 1 Ruderboot. Keine Kurtaxe. Optional Bettw\u00e4sche bezogen (12,00 pro Person) und Handtuchpaket (9,00 Euro. 1 Badetuch; 1 Saunatuch; 1 norm. Handtuch und 1 Geschirrhandtuch pro Person).<\/h4>\n<h4 class=\"\"><a class=\"read-more\" style=\"position: relative; top: 0px; left: 0px;\" href=\"https:\/\/ichhabeinhausamsee.de?page_id=25\" target=\"_self\" rel=\"noopener noreferrer\" data-cp-link=\"1\">Erfahren Sie mehr<\/a><\/h4>\n<h4 class=\"\">Besonders angenehm f\u00fcr unsere G\u00e4ste:\u00a0 <span class=\"\">Die beiden beiden oberen Wohnungen\u00a0 sind mit einer modernen Klimaanlage ausgestattet, mit der gek\u00fchlt und geheizt werden kann.\n<\/span><\/h4>\n<a class=\"\" href=\"#\" target=\"_self\" rel=\"noopener\" data-cp-link=\"1\"><img decoding=\"async\" class=\"custom-image\" title=\"cropped-d6a326ab-0145-4d47-9c5b-2105d314e2ab-2.jpg\" src=\"https:\/\/ichhabeinhausamsee.de\/wp-content\/uploads\/2024\/11\/PHOTO-2024-11-03-15-52-45.jpg\" alt=\"\" \/><\/a><img decoding=\"async\" class=\"custom-image\" src=\"#\" \/><a class=\"\" href=\"https:\/\/seawolves.de\" target=\"_self\" rel=\"noopener\" data-cp-link=\"1\"><img decoding=\"async\" class=\"custom-image\" title=\"cropped-cropped-Seawolves-Sponsor_1.jpg\" src=\"https:\/\/ichhabeinhausamsee.de\/wp-content\/uploads\/2024\/02\/cropped-cropped-Seawolves-Sponsor_1.jpg\" alt=\"\" \/><\/a>\n\n<\/div>\n<\/div>\n<div class=\"col-padding-small col-padding-small-xs description-container col-md-6\" data-type=\"column\"><a class=\"\" href=\"https:\/\/ichhabeinhausamsee.de?page_id=23\" target=\"_self\" rel=\"noopener noreferrer\" data-cp-link=\"1\"><img decoding=\"async\" class=\"custom-image\" title=\"IMG_0391\" src=\"https:\/\/ichhabeinhausamsee.de\/wp-content\/uploads\/2018\/11\/IMG_0391-1.jpg\" alt=\"\" \/><\/a>\n<h2 class=\"\"><\/h2>\n<h2 class=\"font-500\"><a href=\"https:\/\/ichhabeinhausamsee.de?page_id=23\">Das Familienangebot<\/a><\/h2>\n<h4 class=\"\">Sie haben zahlreiche M\u00f6glichkeiten, die drei Wohnungen des Hauses f\u00fcr ihre Zwecke untereinander zu kombinieren. Beispielsweise f\u00fcr Familientreffen.<\/h4>\n<h3 class=\"font-500\">Bildergalerie<\/h3>\n<h4 class=\"\">Ein Bild sagt mehr als tausend Worte. Schauen Sie sich um.<\/h4>\n<figure class=\"\"><a href=\"https:\/\/ichhabeinhausamsee.de?page_id=31\"><img loading=\"lazy\" decoding=\"async\" class=\"custom-image alignnone\" title=\"IMG_1545.JPG-1\" src=\"https:\/\/ichhabeinhausamsee.de\/wp-content\/uploads\/2023\/11\/IMG_1545.JPG-1.jpg\" alt=\"\" width=\"768\" height=\"1024\" \/><\/a><\/figure>\n<p class=\"\"><\/p>\n\n<\/div>\n<figure data-preview-empty=\"1\"><\/figure>\n<figure data-preview-empty=\"1\"><\/figure>\n<\/div>\n<\/div>\n<\/div>\n<h2 class=\"wp-block-heading\"><\/h2>\n<h2 class=\"wp-block-heading\"><\/h2>\n<div class=\"wp-block-columns is-layout-flex wp-container-3\">\n<div class=\"wp-block-column is-layout-flow\"><\/div>\n<div class=\"wp-block-column is-layout-flow\"><\/div>\n<\/div>\n<\/div>\n<\/div>","protected":false},"excerpt":{"rendered":"<p>Direkt am See \u2013 nicht irgendwo In der herrlichen Schweriner Seen-Landschaft, nicht weit von der Ostseek\u00fcste entfernt \u2013 in Hohen Viecheln am Schweriner See zwischen Schwerin und Wismar \u2013 finden Sie in unserem Familienhaus Ruhe und Entspannung. Mit viel Liebe zum Detail, zeitgem\u00e4\u00df und anspruchsvoll gestaltet, strahlen die drei Ferienwohnungen, wie \u00fcberhaupt das ganze Haus,&hellip; <br \/> <a class=\"read-more\" href=\"https:\/\/ichhabeinhausamsee.de\/\">Weiterlesen<\/a><\/p>\n","protected":false},"author":1,"featured_media":0,"parent":0,"menu_order":0,"comment_status":"closed","ping_status":"closed","template":"page-templates\/homepage.php","meta":{"footnotes":""},"class_list":["post-1373","page","type-page","status-publish","hentry"],"_links":{"self":[{"href":"https:\/\/ichhabeinhausamsee.de\/index.php?rest_route=\/wp\/v2\/pages\/1373","targetHints":{"allow":["GET"]}}],"collection":[{"href":"https:\/\/ichhabeinhausamsee.de\/index.php?rest_route=\/wp\/v2\/pages"}],"about":[{"href":"https:\/\/ichhabeinhausamsee.de\/index.php?rest_route=\/wp\/v2\/types\/page"}],"author":[{"embeddable":true,"href":"https:\/\/ichhabeinhausamsee.de\/index.php?rest_route=\/wp\/v2\/users\/1"}],"replies":[{"embeddable":true,"href":"https:\/\/ichhabeinhausamsee.de\/index.php?rest_route=%2Fwp%2Fv2%2Fcomments&post=1373"}],"version-history":[{"count":186,"href":"https:\/\/ichhabeinhausamsee.de\/index.php?rest_route=\/wp\/v2\/pages\/1373\/revisions"}],"predecessor-version":[{"id":3468,"href":"https:\/\/ichhabeinhausamsee.de\/index.php?rest_route=\/wp\/v2\/pages\/1373\/revisions\/3468"}],"wp:attachment":[{"href":"https:\/\/ichhabeinhausamsee.de\/index.php?rest_route=%2Fwp%2Fv2%2Fmedia&parent=1373"}],"curies":[{"name":"wp","href":"https:\/\/api.w.org\/{rel}","templated":true}]}}

<div class="wp-block-columns has-medium-font-size is-layout-flex wp-container-2">
<div class="wp-block-column is-layout-flow" style="flex-basis: 85%;">
<div id="features-1" class="features-16 content-section content-section-spacing" style="background-color: #ffffff;" data-label="Features" data-id="features--1" data-export-id="features-16" data-category="features">
<div class="">
<div class="row text-center">
<div class="section-title-col" data-type="column">
<h1 class="" style="text-align: center;">Direkt am See
– nicht irgendwo</h1>
<p class="lead" style="text-align: left;">In der herrlichen Schweriner Seen-Landschaft, nicht weit von der Ostseeküste entfernt – in <strong>Hohen Viecheln</strong> am Schweriner See zwischen Schwerin und Wismar – finden Sie in unserem Familienhaus Ruhe und Entspannung. Mit viel Liebe zum Detail, zeitgemäß und anspruchsvoll gestaltet, strahlen die drei Ferienwohnungen, wie überhaupt das ganze Haus, Wärme und Geborgenheit aus, und zeigen dabei moderne, aber auch verspielte Stilelemente.</p>

</div>
</div>
<div class="row spaced-cols" data-type="row">
<div class="col-xs-12 col-sm-6 space-bottom col-md-6 ">
<div class="col-padding-small col-padding-small-xs description-container" data-type="column">
<h1 class=""><a href="https://ichhabeinhausamsee.de/wp-content/uploads/2025/12/Preise-2026.pdf">PREISE 2026</a></h1>
</div>
<div class="col-padding-small col-padding-small-xs description-container" data-type="column">
<h4 class="">Alle Preise inclusive Strom, Heizung, Abfallentsorgung. WLan-Glasfaser in jeder Wohnung; jeweils 1 Parkplatz pro Wohnung, Kinderstuhl in Wohnung 1 und 2, Drei  Einer-Kanus; 1 Ruderboot. Keine Kurtaxe. Optional Bettwäsche bezogen (12,00 pro Person) und Handtuchpaket (9,00 Euro. 1 Badetuch; 1 Saunatuch; 1 norm. Handtuch und 1 Geschirrhandtuch pro Person).</h4>
<h4 class=""><a class="read-more" style="position: relative; top: 0px; left: 0px;" href="https://ichhabeinhausamsee.de?page_id=25" target="_self" rel="noopener noreferrer" data-cp-link="1">Erfahren Sie mehr</a></h4>
<h4 class="">Besonders angenehm für unsere Gäste:  <span class="">Die beiden beiden oberen Wohnungen  sind mit einer modernen Klimaanlage ausgestattet, mit der gekühlt und geheizt werden kann.
</span></h4>
<a class="" href="#" target="_self" rel="noopener" data-cp-link="1"><img decoding="async" class="custom-image" title="cropped-d6a326ab-0145-4d47-9c5b-2105d314e2ab-2.jpg" src="https://ichhabeinhausamsee.de/wp-content/uploads/2024/11/PHOTO-2024-11-03-15-52-45.jpg" alt="" /></a><img decoding="async" class="custom-image" src="#" /><a class="" href="https://seawolves.de" target="_self" rel="noopener" data-cp-link="1"><img decoding="async" class="custom-image" title="cropped-cropped-Seawolves-Sponsor_1.jpg" src="https://ichhabeinhausamsee.de/wp-content/uploads/2024/02/cropped-cropped-Seawolves-Sponsor_1.jpg" alt="" /></a>

</div>
</div>
<div class="col-padding-small col-padding-small-xs description-container col-md-6" data-type="column"><a class="" href="https://ichhabeinhausamsee.de?page_id=23" target="_self" rel="noopener noreferrer" data-cp-link="1"><img decoding="async" class="custom-image" title="IMG_0391" src="https://ichhabeinhausamsee.de/wp-content/uploads/2018/11/IMG_0391-1.jpg" alt="" /></a>
<h2 class=""></h2>
<h2 class="font-500"><a href="https://ichhabeinhausamsee.de?page_id=23">Das Familienangebot</a></h2>
<h4 class="">Sie haben zahlreiche Möglichkeiten, die drei Wohnungen des Hauses für ihre Zwecke untereinander zu kombinieren. Beispielsweise für Familientreffen.</h4>
<h3 class="font-500">Bildergalerie</h3>
<h4 class="">Ein Bild sagt mehr als tausend Worte. Schauen Sie sich um.</h4>
<figure class=""><a href="https://ichhabeinhausamsee.de?page_id=31"><img loading="lazy" decoding="async" class="custom-image alignnone" title="IMG_1545.JPG-1" src="https://ichhabeinhausamsee.de/wp-content/uploads/2023/11/IMG_1545.JPG-1.jpg" alt="" width="768" height="1024" /></a></figure>
<p class=""></p>

</div>
<figure data-preview-empty="1"></figure>
<figure data-preview-empty="1"></figure>
</div>
</div>
</div>
<h2 class="wp-block-heading"></h2>
<h2 class="wp-block-heading"></h2>
<div class="wp-block-columns is-layout-flex wp-container-3">
<div class="wp-block-column is-layout-flow"></div>
<div class="wp-block-column is-layout-flow"></div>
</div>
</div>
</div>

<p>Direkt am See – nicht irgendwo In der herrlichen Schweriner Seen-Landschaft, nicht weit von der Ostseeküste entfernt – in Hohen Viecheln am Schweriner See zwischen Schwerin und Wismar – finden Sie in unserem Familienhaus Ruhe und Entspannung. Mit viel Liebe zum Detail, zeitgemäß und anspruchsvoll gestaltet, strahlen die drei Ferienwohnungen, wie überhaupt das ganze Haus,&hellip; <br /> <a class="read-more" href="https://ichhabeinhausamsee.de/">Weiterlesen</a></p>
